.
365
Let n(u) = -2*u**3 + 2*u**2 - 16*u + 51. What is n(6)?
-405
Let v(t) = -t**2 - 73*t + 147. Give v(-75).
-3
Let m(d) = -3*d - 3. Give m(2).
-9
Let i(v) = -v**3 + 33*v**2 - 1. What is i(33)?
-1
Let i(x) = 54*x - 165. Determine i(-3).
-327
Let s(i) = 4*i**2 - 162*i + 1583. Determine s(24).
-1
Let f(a) = 6*a**2 + 119*a + 535. Determine f(-7).
-4
Let q(v) = 1219*v - 6084. Determine q(5).
11
Let a(y) = 3*y**3 + y + 3. Calculate a(0).
3
Let p(i) = 27*i - 481. Calculate p(17).
-22
Let u(d) = 2*d**2 - 5*d + 13. Give u(8).
101
Let u(b) = -2*b**3 + 98*b**2 - 2*b - 73. Give u(49).
-171
Let t(a) = -5714*a - 17151. Give t(-3).
-9
Let t(c) = c**3 - 14*c**2 + 28*c - 15. Give t(9).
-168
Let p(b) = -b**2 - 7*b + 86. Calculate p(-12).
26
Let p(g) = 2*g**3 + 28*g**2 + 8*g + 98. Determine p(-14).
-14
Let m(k) = 15*k - 5. What is m(-2)?
-35
Let i(g) = 27*g - 677. What is i(21)?
-110
Let k(q) = 80*q - 10701. What is k(133)?
-61
Let a(j) = -8*j + 225. Calculate a(6).
177
Let q(r) = 2*r - 186. Give q(26).
-134
Let y(l) = -l**3 + 5*l**2 + 2008*l - 11993. Calculate y(6).
19
Let x(l) = 44*l + 15. Calculate x(-1).
-29
Let u(b) = 4*b**2 + 87*b - 678. Give u(6).
-12
Let c(t) = t**2 - 160*t - 325. What is c(162)?
-1
Let u(f) = 3*f - 99. Calculate u(36).
9
Let f(d) = -380*d**2 + 364*d + 14. Determine f(1).
-2
Let t(j) = -j**3 - 10*j**2 + 107*j - 14. Give t(7).
-98
Let t(i) = 182*i - 1834. Give t(10).
-14
Let k(j) = -12*j**2 - 129*j + 41. What is k(-11)?
8
Let c(p) = -p**3 - 179*p**2 - 369*p - 2662. Give c(-177).
-7
Let o(u) = -28*u**2 + 10*u + 37. Calculate o(-3).
-245
Let f(b) = b**3 + 4*b**2 - 55*b - 181. Calculate f(-6).
77
Let q(x) = 295*x + 13563. What is q(-46)?
-7
Let y(p) = 92*p + 1287. What is y(-14)?
-1
Let x(p) = -14*p**2 - 7*p + 27. Determine x(5).
-358
Let t(b) = b**2 - 15*b - 59. What is t(-3)?
-5
Let h(q) = -q**2 + 78*q + 249. Calculate h(-3).
6
Let u(m) = 35*m - 72. Calculate u(2).
-2
Let c(k) = -k**2 + 131*k - 2982. Calculate c(29).
-24
Let l(r) = -62*r - 1504. Calculate l(-24).
-16
Let b(r) = -2*r**3 - 7*r**2 + 2*r + 35. Determine b(-7).
364
Let n(x) = -13*x**3 - 63*x**2 - 9*x - 5. What is n(-4)?
-145
Let z(j) = -j**3 - 10*j**2 + 58*j + 4. Give z(-14).
-24
Let t(j) = 6*j**2 - 308*j - 2321. What is t(58)?
-1
Let l(z) = 6*z**2 + 169*z + 93. Calculate l(-28).
65
Let u(t) = t**3 - 39*t**2 - 2*t + 28. Give u(39).
-50
Let j(f) = -681*f + 11542. Calculate j(17).
-35
Let z(w) = 3*w**3 + 28*w**2 + 37*w + 258. Give z(-9).
6
Let b(s) = -s**2 - 17*s - 8. Calculate b(-15).
22
Let q(x) = -153*x - 11369. What is q(-74)?
-47
Let b(n) = -158*n + 16157. What is b(102)?
41
Let j(m) = -22413*m - 44828. Calculate j(-2).
-2
Let w(h) = 33*h - 3084. Calculate w(93).
-15
Let n(c) = -74*c - 485. Determine n(-7).
33
Let l(n) = 60*n + 127. Give l(-1).
67
Let u(y) = 23*y - 1468. Give u(64).
4
Let n(m) = -3568*m + 35678. Determine n(10).
-2
Let x(b) = 5*b**2 - 288*b + 3594. Calculate x(18).
30
Let i(c) = -2*c**3 + 19*c**2 + 5946*c - 198. Calculate i(-50).
2
Let z(s) = s**3 + 64*s**2 + 586*s + 6. Give z(-11).
-27
Let g(n) = n**3 - 7*n**2 + 5*n - 3. Give g(6).
-9
Let s(g) = -5905*g - 41333. Give s(-7).
2
Let i(v) = -32*v**2 + 1279*v - 34. Calculate i(40).
-74
Let h(a) = -75*a - 167. Give h(-9).
508
Let z(y) = -1244*y + 23660. Determine z(19).
24
Let d(i) = 14*i**2 + 9*i - 10. Give d(-2).
28
Let w(v) = -3*v**3 - 79*v**2 + 48*v - 144. What is w(-27)?
18
Let i(n) = 4*n**3 - 21*n**2 + 3*n - 12. Give i(5).
-22
Let w(i) = -4*i**2 + 18. Give w(4).
-46
Let a(z) = 1388*z - 18039. Determine a(13).
5
Let v(w) = w**2 - 14*w - 35. Determine v(15).
-20
Let f(h) = 13*h - 823. Give f(58).
-69
Let l(r) = -16*r**2 + 48*r - 197. Give l(5).
-357
Let n(y) = 4*y**2 + 604*y - 2472. Determine n(4).
8
Let b(g) = 37*g**2 - 20*g - 186. Determine b(-2).
2
Let k(p) = -3*p**2 - 376*p - 865. Calculate k(-123).
-4
Let a(w) = 33*w**3 + 2*w**2 + 6*w - 7. Determine a(1).
34
Let v(l) = -l**3 + 344*l**2 - 1679*l - 5408. What is v(339)?
16
Let v(x) = 4*x**3 - 7*x**2 - 9*x + 26. What is v(4)?
134
Let y(v) = 3*v**2 - 83*v - 163. Give y(31).
147
Let w(p) = -p**2 - 57*p + 18. What is w(-7)?
368
Let p(h) = -h**2 - 24*h + 670. Give p(-41).
-27
Let k(d) = -d**3 + 7*d**2 + 3*d + 14. Give k(-5).
299
Let u(z) = 2*z + 40. Calculate u(-18).
4
Let q(p) = -2*p**2 - 41*p + 292. Determine q(-28).
-128
Let m(n) = n**3 - 11*n**2 + 48*n - 718. Calculate m(12).
2
Let m(t) = -1856*t + 12986. Give m(7).
-6
Let d(i) = 2*i**2 - 71*i - 144. Calculate d(35).
-179
Let k(l) = -9*l**2 - 563*l + 1438. Determine k(-65).
8
Let a(i) = -9*i**2 - 118*i - 273. Determine a(-10).
7
Let n(p) = 266*p**2 - 3185*p + 7. What is n(12)?
91
Let c(i) = 1219*i - 3687. Determine c(3).
-30
Let s(t) = -61*t - 689. Determine s(-14).
165
Let z(f) = -f**3 + 41*f**2 + 64*f - 973. Give z(42).
-49
Let s(n) = -2*n**2 + 137*n + 866. Give s(-6).
-28
Let v(r) = 4*r**2 + 121*r + 684. What is v(-23)?
17
Let f(t) = -15*t**2 + 9*t + 13. Determine f(-3).
-149
Let j(a) = 10*a - 81. Calculate j(4).
-41
Let h(x) = -x**3 + 40*x**2 - 387*x - 78. What is h(23)?
14
Let r(t) = -10*t - 88. What is r(-7)?
-18
Let w(h) = -2*h**3 + 44*h**2 - 211*h - 16. Calculate w(7).
-23
Let m(h) = h**3 + 80*h**2 - 91*h - 827. Give m(-81).
-17
Let o(v) = -v**2 - 839*v + 1676. Calculate o(2).
-6
Let q(l) = -l**3 + 9*l**2 - 361*l + 2826. What is q(8)?
2
Let p(b) = -b**3 + 70*b**2 - 72*b + 215. Determine p(69).
8
Let w(t) = -3*t**3 - 67*t**2 + 15*t + 839. Give w(-22).
25
Let w(q) = 218*q + 525. Give w(-3).
-129
Let t(n) = 125*n - 884. What is t(7)?
-9
Let z(g) = -812*g - 61712. Determine z(-76).
0
Let c(h) = h**2 - 114*h + 3143. Give c(47).
-6
Let y(c) = -c**3 - 18*c**2 - 2*c - 20. Give y(-18).
16
Let i(m) = 2*m**2 - 52*m + 93. Give i(26).
93
Let f(p) = 498*p - 18920. What is f(38)?
4
Let i(k) = 226*k - 9037. Determine i(40).
3
Let n(w) = -w**3 + 2*w**2 + 40*w + 60. Give n(-3).
-15
Let h(l) = -l**3 - 55*l**2 - 150*l + 304. Calculate h(-52).
-8
Let c(x) = -20*x**3 + 7*x**2 + 10*x + 4. Determine c(-1).
21
Let i(k) = -k**2 - 6*k + 132. Calculate i(-13).
41
Let r(d) = 220*d**3 - 36*d**2 - 39*d - 2. Determine r(-1).
-219
Let h(u) = -u**3 - 9*u**2 + 53*u - 71. Calculate h(-13).
-84
Let t(o) = 958*o**2 - 17*o + 16. Give t(1).
957
Let k(p) = 90*p**3 + 2*p**2 - 8*p + 5. Calculate k(1).
89
Let g(u) = -359*u + 1162. Calculate g(3).
85
Let h(g) = -94*g + 87. Give h(3).
-195
Let m(f) = -f**3 + 160*f**2 + 132*f + 4663. Determine m(161).
-6
Let x(q) = -10*q - 287. Determine x(-19).
-97
Let w(z) = 3*z**2 - 23*z - 405. Calculate w(17).
71
Let p(c) = -208*c - 1033. What is p(-5)?
7
Let f(d) = d**3 + 181*d**2 - 1133*d - 3. Give f(6).
-69
Let m(a) = a**3 + 59*a**2 + 12*a + 233. Give m(-59).
-475
Let u(v) = 33*v**3 - 20*v**2 - 2. Determine u(1).
11
Let i(l) = -3*l**2 + 24*l + 18. What is i(10)?
-42
Let r(o) = 7*o**2 + 99*o + 314. Determine r(-5).
-6
Let z(w) = -w**3 - 39*w**2 + 280*w - 36. Determine z(6).
24
Let c(a) = -31*a - 3321. Calculate c(-65).
-1306
Let p(o) = o**2 - 23*o - 8. Give p(9).
-134
Let h(i) = -i**2 + 46*i - 399. Calculate h(26).
121
Let b(r) = -2*r**2 + 360*r - 1751. Calculate b(175).
-1
Let o(k) = k**2 + 5*k - 648. Determine o(22).
-54
Let r(v) = 2*v**3 + 9*v**2 + 5*v + 10. What is r(-6)?
-128
Let y(w) = -56*w + 1343. Determine y(24).
-1
Let g(p) = p**3 + 50*p**2 + 339*p + 133. Calculate g(-42).
7
Let p(z) = z**3 + 15*z**2 - 18*z + 33. Determine p(-16).
65
Let f(r) = -127*r - 768. Determine f(-6).
-6
Let a(r) = -r**3 + 84*r**2 + 265*r - 351. Determine a(87).
-3
Let y(c) = -c**2 - 1026*c - 16153. What is y(-16)?
7
Let o(z) = 11*z**2 - 45*z - 110. What is o(6)?
16
Let f(r) = -r**2 - 17*r + 64. What is f(3)?
4
Let t(u) = -19*u - 291. What is t(-24)?
165
Let v(c) = -2*c + 406. Give v(-14).
434
Let q(p) = -1937*p + 9679. Calculate q(5).
-6
Let a(i) = -7*i**3 - 53*i**2 + 23*i - 50. What is a(-8)?
-42
Let x(t) = 11*t**3 - 2*t + 4. Give x(-2).
-80
Let g(u) = -2457*u - 27048. Calculate g(-11).
-21
Let p(r) = -6*r + 138. Calculate p(-8).
186
Let w(i) = i**3 + 34*i**2 + 108*i - 335. Calculate w(-30).
25
Let t(a) = -75*a**3 - 11*a**2 - a - 4. Calculate t(-2).
554
Let m(k) = -k**2 - 23*k + 53. Give m(-3).
113
Let b(l) = -1556*l - 15536. Determine b(-10).
24
Let u(i) = 71*i - 580. Calculate u(6).
-154
Let a(x) = -2066*x. Dete